e the highest common factor of l and u.
8
Let j(y) = 3*y**2 - 3*y + 1. Let p(r) = -r**3 - 5*r**2 + 6*r + 3. Let v be p(-6). Let t be j(v). Calculate the highest common factor of 95 and t.
19
Let d(f) be the second derivative of f**4/6 - f**3/6 + 5*f**2 + 4*f. Let q be d(-6). What is the greatest common divisor of 8 and q?
8
Let c(f) = 4*f - 6. Let m be c(4). Suppose 6*i = 3*i - q + m, -q = -4*i + 4. Let u = 6 - i. Calculate the greatest common divisor of u and 4.
4
Let l(v) be the second derivative of v**4/6 - v**3 + 4*v**2 + v. Let p be l(4). What is the highest common divisor of p and 32?
16
Suppose 0 = 3*b + 3*t - 42, 2*b - 15 + 1 = 5*t. Let f = 9 + -6. Suppose -3*h - f*q + 30 = -q, h - 24 = 4*q. Calculate the highest common divisor of b and h.
12
Suppose -14*b + 15*b = 18. Calculate the highest common divisor of b and 162.
18
Let a(o) = 3*o - 1. Let f be a(2). Suppose 2*n - 1 = f*u, -3 - 4 = n - 5*u. Suppose 0 = -3*h + 8 - 2. Calculate the greatest common divisor of n and h.
2
Suppose 10 = 2*r + 3*r. Let g(u) = u**2 + 3*u - 3. Let m be g(r). Let w(z) = -z**2 - 9*z + 13. Let t be w(-8). Calculate the greatest common divisor of t and m.
7
Let m(z) = -3*z + 3. Let o be m(-3). Let c be -6 + (-220)/(-24) + (-1)/6. What is the highest common factor of o and c?
3
Suppose 12 = -3*s, -2*s = i + 7 - 59. Suppose z = -6 + 36. What is the highest common divisor of i and z?
30
Suppose 3*i + 17 = 68. Suppose 0 = q - 4*q. Suppose b - 3 = q, 2*r = -0*b + 4*b + 90. Calculate the highest common factor of r and i.
17
Let x = -21 + 15. Let y = -10 - x. Let o = 10 + y. Calculate the highest common divisor of 6 and o.
6
Let z = 106 + -61. Suppose -85 = -5*x - 5*u, -32 = 2*x - 4*x - 4*u. What is the highest common divisor of x and z?
9
Let c be 214/14 + (-16)/7 + 2. Suppose -272 = -2*m - p, -3*m - 2*p - p + 411 = 0. What is the highest common factor of m and c?
15
Suppose -5*o + 0*o = -50. Let p(n) = n - 3. Let v be p(8). What is the greatest common divisor of v and o?
5
Let w be 2/10 - (-99)/5. Calculate the greatest common factor of w and 5.
5
Let s be 3*-1*-7*2/2. What is the highest common factor of 3 and s?
3
Suppose -15*o + 10 = -10*o. Calculate the highest common divisor of 2 and o.
2
Suppose 2*t = -2*t - 2*s + 106, -4*t + 5*s + 99 = 0. Calculate the greatest common divisor of 234 and t.
26
Let b(r) = r**2 - 4*r - 3. Let h be b(4). Let v be -18*(h + 21/9). What is the highest common factor of 6 and v?
6
Let g(y) = 2*y - 8. Let i be g(5). Calculate the greatest common divisor of 14 and i.
2
Suppose -2*p - 150 = -2*v, 0*v + 4*p = 2*v - 144. Let l be ((-6)/(-10))/((-1)/(-5)). Suppose s + v = l*s. What is the highest common divisor of 13 and s?
13
Let h = 49 + -25. Calculate the greatest common factor of 264 and h.
24
Suppose -3*y = -7 - 8. What is the highest common divisor of 45 and y?
5
Let c(w) = w**2. Let p(t) = -5*t**2 - t - 1. Let r(o) = -6*c(o) - p(o). Let u be r(1). What is the greatest common divisor of u and 7?
1
Suppose -4*a = -20, -3*a = -2*i - 3*i - 40. Let t(d) = d**2 + 4*d - 2. Let s be t(i). Let x be (3/2)/(9/54). Calculate the greatest common divisor of x and s.
3
Suppose z = 5*v - 3*v - 482, 4*v + 5*z = 992. Calculate the highest common divisor of v and 27.
27
Let a = 96 - 85. What is the greatest common divisor of 44 and a?
11
Let b(j) = -2*j - 11. Let o be b(-8). Suppose 25 + 50 = o*k. Calculate the greatest common divisor of 3 and k.
3
Let y(h) = h - 4. Let s be y(3). Let p be (s - (-231)/6)*2. What is the greatest common divisor of p and 15?
15
Suppose 8*h - 9*h = -6. Suppose y + 1 = 10. What is the greatest common factor of h and y?
3
Suppose -2*y - 5*w = -2*w - 204, y - 120 = 3*w. What is the greatest common factor of y and 12?
12
Let j = -75 - -115. Calculate the greatest common factor of j and 16.
8
Let n = -2 - -5. Suppose 0 = -n*l + 5 + 4. Suppose 5*z - 16 = l*z. Calculate the greatest common divisor of 4 and z.
4
Let t = -153 + 223. Let z be (-28)/(-5) - 6/10. Let o(i) = i**3 - 4*i**2 - 2*i - 1. Let s be o(z). Calculate the highest common divisor of t and s.
14
Let k(l) = -2*l - 4. Let y be k(-10). Calculate the greatest common factor of 48 and y.
16
Let z(s) = -s**2 + 7*s + 4. Let j be z(7). Let f(o) = o**2 - o + 10. Let c be f(0). Let l = 42 - c. What is the greatest common divisor of l and j?
4
Suppose -2*g - 27 + 83 = 0. Suppose 0 = 4*n + w - 51, -n + w + 9 = 2*w. Calculate the highest common factor of g and n.
14
Suppose 2*k - 4*z - 18 + 6 = 0, -20 = -5*k + 5*z. Suppose 3*x = x + k. Calculate the highest common divisor of x and 1.
1
Suppose -2*z = -3*z + 126. Suppose 0 = m - 4*n - 33, 0 = -0*m - 5*m - 3*n + 96. Suppose 0 = 4*d - 35 - m. What is the highest common factor of d and z?
14
Suppose 4*g - 14 - 2 = 0, 0 = 5*c - 4*g + 6. Suppose -3*o + o = -c. Suppose -4*d = -5 - 15. Calculate the highest common divisor of d and o.
1
Suppose -x = -0*x - 40. Let d(c) = -c**2 - 7*c - 1. Let b be d(-6). What is the highest common divisor of x and b?
5
Let j(z) = -z + 87. Let m be j(11). What is the greatest common factor of 4 and m?
4
Let c be 0 + 2 - 672/(-4). What is the highest common divisor of c and 34?
34
Suppose -4*a + 0*z + 16 = -3*z, -1 = -5*a - z. Suppose 2*m + 2*j = 8, j = 4*m - 31 - 0. Calculate the highest common factor of m and a.
1
Let m be 1/(-1 + 3/6). Let d = 22 - m. Let x be (-4)/2 + d/2. What is the highest common factor of x and 25?
5
Let b(l) = -62*l + 3. Let y be b(-1). Calculate the highest common divisor of 26 and y.
13
Let z be (-2)/6*2*-12. Suppose -5*n - 80 = -2*d, -d + 80 = d - 4*n. Calculate the greatest common factor of d and z.
8
Let g(x) = -2*x**2 + 12*x. Let t be g(3). What is the greatest common factor of t and 126?
18
Let l = 328 + -36. Let f be l/7 + 4/14. Let z(r) = 2*r**3 - 13*r**2 + 8*r + 2. Let g be z(6). What is the greatest common divisor of g and f?
14
Let s(h) = 4*h - 2. Let d = -3 + 6. Let x be s(d). Suppose 255 + 45 = 3*r. Calculate the greatest common divisor of r and x.
10
Let h = 3 - -22. Calculate the greatest common divisor of h and 250.
25
Let r(s) = -4*s - 35. Let h be r(-11). What is the greatest common divisor of h and 99?
9
Suppose 14 = -2*g - 2. Let h(f) = -5*f - 10. Let k be h(g). What is the highest common divisor of k and 20?
10
Let m be 2/(-7) - (-1014)/21. Let u be m*(-5 + (1 - -1)). Let p be ((-2)/3)/(6/u). Calculate the highest common divisor of 64 and p.
16
Suppose -4 = 4*t - 4*l, 0 = 4*t + l - 2*l - 8. Let n = 10 + -7. What is the greatest common factor of n and t?
3
Suppose -3*p = -5*p. Suppose 3*n + 2 - 17 = p. Let z = n - -4. Calculate the highest common divisor of 99 and z.
9
Suppose 0 = 5*c + y - 285, -c - 209 = -5*c + 3*y. What is the highest common factor of 14 and c?
14
Let j = 39 + 13. Suppose -j = 2*g - 4*g. Suppose 5*f - 278 = 47. What is the highest common factor of g and f?
13
Let z be (4 + -16)*1*20/(-6). Calculate the highest common factor of z and 5.
5
Suppose 2*c - 4*t - 36 = 0, -5*c - 2*t + 5*t + 111 = 0. Suppose -v + 3*v = c. Suppose v = 3*m - m. Calculate the highest common factor of m and 2.
2
Let g = 13 + -4. Suppose 0 = -3*r - 0*r. Suppose v - 10 - 8 = r. What is the highest common factor of g and v?
9
Let t = 232 + -107. Let o be t/4 + 9/12. Calculate the greatest common divisor of o and 80.
16
Let x(t) = 11*t - 4. Let u be x(4). Calculate the greatest common factor of 5 and u.
5
Let n = -17 + 97. Calculate the greatest common divisor of n and 16.
16
Suppose 0 = -3*o + 2*o. Let a be (21 - o)/(6/20). Calculate the highest common divisor of 10 and a.
10
Let b(l) = l**3 - 3*l**2 - l. Let r(m) = 3*m**3 - 8*m**2 - 2*m. Let s(x) = -7*b(x) + 2*r(x). Let i be s(5). What is the highest common divisor of 30 and i?
15
Let u = -26 + 39. Suppose -3*s + 715 = 2*s. What is the greatest common divisor of s and u?
13
Let l be 5*(-6*1)/(-2). Let o = -80 - -110. Calculate the greatest common divisor of o and l.
15
Let f = -21 - -42. Calculate the highest common factor of f and 84.
21
Suppose -4*v + 3*i + 10172 = i, 0 = 5*v + 3*i - 12693. Suppose 3*p = -v - 1269. Let k be 8/28 - p/14. Calculate the greatest common factor of 13 and k.
13
Let h = -3 + 9. What is the highest common divisor of h and 2?
2
Suppose -a + 4*a = 72. Suppose x - 2*z = -3*x + 142, -40 = -x -